e 2661 = 3*l - 5*b, -s*l = 4*b + 1138 - 4686. What is the hundreds digit of l?
8
Suppose 34*z = 357 + 765. Suppose 19513 = 46*w - z*w. What is the thousands digit of w?
1
Let c(r) = -572*r + 6843. What is the ten thousands digit of c(-62)?
4
Let a = 58 + -55. Suppose a*k + 33 = -5*s, s + 57 = -4*s + 3*k. Let j(y) = -y**2 - 11*y + 4. What is the units digit of j(s)?
2
What is the units digit of 924296/155 - ((-3)/(-15) - 0)?
3
Let b(z) = -380*z - 48. Let q be b(14). Suppose 0 = -3*s + 18 + 12. What is the tens digit of q/(-55) - (-4)/s?
9
What is the thousands digit of 304/(-57)*9834/(-8)?
6
Let y(q) = 274*q + 468. Let r be y(-2). Suppose 0 = -2*m + 464 - 132. Let w = m + r. What is the tens digit of w?
8
What is the thousands digit of 8/100 + 146/50 + 18905/1?
8
Let y(g) = -109*g**3 - 5*g**2 + 6*g - 3. Let d be y(2). Let r = d + 1350. What is the units digit of r?
7
Let h = -576 - -1256. Suppose h*c - 678*c = 464. What is the tens digit of c?
3
Suppose -4*n + 60 - 40 = 0. Suppose -n*i = -2*i - 63. What is the units digit of i?
1
Let w(h) = 3*h - 89. Let x be w(31). Let j(g) = 24*g**2 - 17*g + 29. What is the tens digit of j(x)?
4
Suppose 19 = 4*m - 2*m - 3*p, 0 = -3*m - 4*p + 54. Let z(l) = 3*l**2 + 13*l - 11. What is the hundreds digit of z(m)?
7
Suppose -20*j - 3*j = -49854 - 337627. What is the units digit of j?
7
What is the hundreds digit of 38718/54*(-3)/(-3)?
7
Suppose 0*f - 4*f + 232 = 0. Let g(q) = -q**3 + 4*q**2 + 6. Let c be g(4). Suppose -c*s + f = 10. What is the units digit of s?
8
Let n(c) = -50*c + 17. Let r be n(-17). Let a = r - 355. What is the units digit of a?
2
Suppose 0*k - 3*k = 0. Let c(a) = a + 13*a + k - 3*a - 21. What is the hundreds digit of c(12)?
1
Let y(x) = -2*x + 6. Let l be y(-3). Suppose -d = -1 - l. Suppose 7*f + 636 = d*f. What is the hundreds digit of f?
1
Let g be (102/9)/((-10)/(-180)). Let v = g - -260. What is the units digit of v?
4
Suppose 25*c - 3*c + 3*c = 192125. What is the tens digit of c?
8
Suppose 0 = -5*m - 4*v + 64, -4*m + 4*v - 2*v + 46 = 0. Let k be (18/8)/(m/2592). Suppose c + 8*c = k. What is the tens digit of c?
5
Let z be (-76)/28 - 4/14. What is the hundreds digit of z - 1923*(-4)/12?
6
Let m = -2 - 17. Let g(k) be the third derivative of -k**5/60 - 5*k**4/6 - 11*k**3/6 - 19*k**2. What is the units digit of g(m)?
8
Let i = 6030 + -928. What is the units digit of i?
2
Let i(h) = 730*h + 1705. What is the hundreds digit of i(5)?
3
Let w = 4278 - 2709. Suppose w = 3*a - n, 2*a = -n + 1454 - 413. What is the hundreds digit of a?
5
Suppose 29317 = -2*n + 5*n + w, 4*w = -8. What is the hundreds digit of n?
7
Suppose -1195 = 9*f - 10645. Suppose -13*i - 23 = -f. What is the units digit of i?
9
Suppose 0 = -8*a + 113226 - 15306. Suppose 19*t - a = 2*t. What is the hundreds digit of t?
7
Suppose 28*w - 4893 = 7*w. Suppose w = j + 2*a - 246, -1449 = -3*j - 3*a. What is the hundreds digit of j?
4
Suppose -5666 = -5*h - 4*z, 0*h - 2252 = -2*h + 2*z. Suppose -h = -12*b + 7*b. Suppose 4*d - 278 = b. What is the units digit of d?
6
Let q be 261/24 + 4/32. Suppose n = 2*p - q, -n + 5 = 4*n + 5*p. Let x = 2 - n. What is the units digit of x?
5
Suppose t + 2*j = 7, -2*t + 9*j + 10 = 14*j. Suppose -4*h - t = 5, -3*b - 3*h = -744. What is the units digit of b?
3
Let b(c) = 4069*c - 3. Let q be b(1). Let j = q + -2662. What is the units digit of j?
4
Let u(g) = g**3 - 3*g**2 + 6*g + 1380. What is the thousands digit of u(0)?
1
Let m(r) = -881*r + 818. What is the units digit of m(-11)?
9
Let x = 84 + -68. Suppose x = -7*m - 5. What is the units digit of 21*(m + (-44)/(-6))?
1
What is the tens digit of 11/(-3) + 26595933/819?
7
Suppose 0 = 4*g + 12, 6*y = 5*y - g + 5119. What is the tens digit of y?
2
Suppose -1199 = -5*v + 5*x + 1571, -1622 = -3*v - 5*x. What is the units digit of v?
9
What is the units digit of (48/(-2) - -2)/(15/(-597900)*20)?
6
Let t = 19 + -10. Let b = t - -66. What is the tens digit of b?
7
Let s(c) = -31*c + 22*c + 10*c**2 - 11 - 12 + 28*c. What is the tens digit of s(6)?
5
Let v(f) = f + 12. Let s be v(-8). Let h(b) = -2 - s*b + 18*b + 17*b. What is the tens digit of h(2)?
6
Let g(s) = -34*s**3 - 15 + 36*s**3 + 181 - 14. Let a be (-7)/(-49) - 1/7. What is the units digit of g(a)?
2
Let j(q) = -3*q**3 + 4*q**2 - 14. Let z(y) = -y**3 - 10*y**2 - 4*y + 40. Let h be z(-9). What is the units digit of j(h)?
1
Suppose 3*d = 6*y - 7*y + 2342, 0 = -d - 4*y + 766. Suppose -d = -b - s, 5*s + 1994 = 2*b + 444. What is the units digit of b?
0
Let l(u) = 195*u**3 - u**2 + 4*u - 3. Suppose 328 = 6*c - 254. Let x = c + -96. What is the units digit of l(x)?
5
Let x(q) = -16*q**3 - q**2 + 18*q + 41. Let j be x(-2). Suppose -146 = 4*y - 5*b - 13, -4*y - 3*b - 93 = 0. Let t = j + y. What is the hundreds digit of t?
1
Let n be (1 - (-34)/(-4))/(60/(-40)). Suppose n*t - 1667 = 4*g + 1472, -3*t = -g - 1889. What is the tens digit of t?
3
What is the hundreds digit of (-461*3)/(765/(-1785))?
2
Suppose 2*y = -0 + 12. Suppose 9 = y*t - 15. Suppose 5 = -3*f - 1, -5*f + 166 = t*h. What is the tens digit of h?
4
Suppose -389*p - m = -388*p - 18675, 0 = 3*m - 15. What is the ten thousands digit of p?
1
Let k = -26 + 12. Let p be 1 + 10/(-14) + (-164)/k. Let n(t) = -t**3 + 11*t**2 + 16*t + 9. What is the units digit of n(p)?
7
Let m be 3/(-15) + (-147)/(-35). Suppose 9*o = m*o + 15. Suppose 0 = 2*s - o*q - 35, -q - 71 = -4*s + 4*q. What is the units digit of s?
9
Let u = -538 - -63. What is the tens digit of 44/(-55)*1*u?
8
Let t(p) = 139*p + 16. Let m be t(-5). Let k = -390 - m. Suppose 0*q - 3*h = 5*q - k, -2*h - 181 = -3*q. What is the units digit of q?
9
Let u = -18 + 14. Let j be ((-138)/(u + 1))/(-1). Let w = j - -121. What is the tens digit of w?
7
Suppose 4*l - 1780 = -z + l, -5*l = 0. Suppose -4*n - c + z = -3*c, 1335 = 3*n + 4*c. What is the hundreds digit of n?
4
Let g = -84 + 31. Let v = g + 55. Suppose z + v*z = 54. What is the tens digit of z?
1
Suppose 0 = t - 1277 + 47. Suppose 8*s - t - 770 = 0. What is the hundreds digit of s?
2
Let p = 5914 + -2068. What is the hundreds digit of p?
8
Let q be 320760/(-726) - ((-4)/(-11))/2. Let j = q + 1052. What is the units digit of j?
0
Suppose 3*u = 4*m + 17228, 9*m - 13*m + 4 = 0. What is the tens digit of u?
4
Suppose 3*t - 120 = -0*t. Let f = 50 - t. Let n = f - -9. What is the units digit of n?
9
Suppose -20*q - 572 = 32*q. Let u = 84 - q. What is the units digit of u?
5
Suppose 27*v - 18 = 9. What is the hundreds digit of 0 + v + 746 + (-894)/149?
7
Suppose -46495 - 39162 = -13*k. What is the units digit of k?
9
Let p(l) = -l**2 + 23*l + 2. Let d be p(0). Suppose 0 = 3*o + 3*y - 1548, 2*o - 2050 = -d*o + 3*y. What is the hundreds digit of o?
5
Let d(y) = -2*y**3 + 3*y**2 + 30*y + 135. What is the thousands digit of d(-19)?
4
Let o = 2 - 0. Suppose b = o*h - 2*b - 19, -h - 8 = 2*b. What is the units digit of (0 - h) + 5 + 58?
1
Let i(v) = 14*v**3 + v**2 - 4*v + 3. Let r be i(1). Let d(s) = 2*s**2 - r*s + 307 + 4*s**2 - 263. What is the tens digit of d(5)?
2
Suppose -48 = -18*i + 6*i. Suppose 1008 - 312 = i*b. Suppose -8*l = -b + 22. What is the units digit of l?
9
Let c = 2727 + -1614. Let h = c + -176. What is the hundreds digit of h?
9
Let w(x) = 679*x + 2996. What is the tens digit of w(97)?
5
Let d = -2441 + 5459. What is the units digit of d?
8
Suppose -j = 4*s - 26, -4*s = 2*j + 2*j - 92. Let i = 19 + j. Let n = i - 14. What is the units digit of n?
7
Let l(h) = h**3 + 6*h**2 + h - 6. Let i = 23 + -11. Suppose 5*a = 4*r - 21, 0 = 4*a - r + 31 - i. What is the units digit of l(a)?
4
Let y(i) = -i**3 - 4*i**2. Let a be y(-4). Let o be 1/(-2) + 90/20. Suppose a = 3*c - 9, -o*g - 138 = -7*g + 2*c. What is the tens digit of g?
4
Suppose 5*v = -5*o, -2*o = 3*v + 3*o + 4. Suppose k + 505 = d, k + 990 = v*d + 4*k. What is the hundreds digit of d?
5
Let f(u) = -u**3 - 3*u**2 + 3*u - 9. Let g be f(-7). Suppose 64 = 75*h - 59*h. Suppose -2*x + g = -d + 3*d, -h*d - 364 = -4*x. What is the units digit of x?
7
Suppose a - 1886 - 681 = 0. Suppose 5*w - y - a = 0, w + 5*y + 1013 = 3*w. What is the tens digit of w?
1
Let y(s) = -30*s + 0 - 21*s + 0*s + 35 + 42. What is the hundreds digit of y(-16)?
8
Let b be (2 - 2 - 0) + 16 + -20. What is the units digit 